highest common divisor of 2448 and 477670896.
2448
What is the greatest common divisor of 756857 and 29329?
211
Calculate the greatest common divisor of 156 and 18575791.
13
What is the highest common factor of 86837223 and 4818?
2409
Calculate the highest common divisor of 413021980 and 105.
35
What is the highest common divisor of 1405 and 15571615?
1405
Calculate the highest common divisor of 3155117 and 14.
7
Calculate the greatest common divisor of 84 and 39300.
12
What is the greatest common divisor of 2667 and 81?
3
What is the greatest common divisor of 19040 and 209368?
8
What is the highest common factor of 225226 and 44764?
38
Calculate the greatest common divisor of 192 and 22630308.
12
What is the greatest common divisor of 36 and 955998?
18
Calculate the greatest common divisor of 85 and 2414170.
85
Calculate the greatest common divisor of 191 and 888150.
191
What is the greatest common divisor of 60 and 44283180?
60
What is the greatest common divisor of 5960 and 152800?
40
What is the greatest common factor of 4960 and 1472128?
992
What is the highest common factor of 31643400 and 160?
40
What is the greatest common factor of 9578717 and 57?
19
Calculate the highest common factor of 66 and 44563926.
66
What is the greatest common divisor of 58689683 and 13?
13
Calculate the highest common divisor of 116352 and 29790.
18
What is the highest common divisor of 58174 and 11832?
986
What is the highest common factor of 18870 and 139153670?
6290
Calculate the highest common divisor of 494892 and 396.
36
What is the highest common divisor of 131306214 and 3273?
3273
Calculate the greatest common factor of 33551673 and 21.
3
What is the greatest common divisor of 39772 and 821060?
244
Calculate the greatest common divisor of 67857238 and 694.
694
What is the highest common factor of 176279800 and 272?
136
What is the highest common divisor of 46460 and 690?
230
What is the greatest common divisor of 919821 and 15729?
21
Calculate the highest common factor of 12818 and 553163.
221
Calculate the highest common factor of 5184 and 791632.
16
What is the greatest common factor of 54 and 239777442?
54
Calculate the highest common divisor of 16687 and 9354806.
41
Calculate the highest common factor of 699 and 5895133.
233
What is the highest common factor of 35446565 and 70?
35
Calculate the highest common factor of 161 and 2700239836.
161
What is the highest common divisor of 28032 and 257982?
438
What is the highest common factor of 298309608 and 24?
24
What is the greatest common divisor of 4 and 511879252?
4
What is the greatest common factor of 801 and 79044727?
89
What is the greatest common divisor of 39117 and 25653?
51
What is the greatest common factor of 4700356 and 48866?
922
What is the highest common divisor of 124672 and 13976?
8
What is the greatest common divisor of 1117289 and 2368?
37
What is the highest common factor of 6982175 and 5605925?
9175
What is the greatest common divisor of 1762 and 83147899?
881
What is the highest common factor of 22 and 30728137?
11
Calculate the greatest common factor of 226060 and 19.
1
What is the highest common divisor of 15043167 and 9?
9
What is the greatest common divisor of 224 and 17484880?
112
What is the greatest common factor of 287 and 18457954?
41
Calculate the highest common divisor of 1520398760 and 538.
538
Calculate the greatest common divisor of 63142 and 57358.
482
What is the greatest common factor of 1968 and 16396392?
984
What is the highest common factor of 77153172 and 5952?
372
Calculate the greatest common factor of 22008712 and 58982.
8426
What is the greatest common factor of 941408 and 3613856?
992
Calculate the greatest common divisor of 305 and 128770451.
61
What is the greatest common divisor of 7616 and 2481031?
119
Calculate the highest common factor of 1391 and 1679091401.
1391
What is the highest common divisor of 26 and 171502?
2
What is the highest common factor of 292882 and 1242?
46
Calculate the greatest common factor of 19250 and 2045450.
550
What is the greatest common factor of 14781932 and 220?
44
Calculate the highest common factor of 278792496 and 1728.
432
Calculate the greatest common factor of 1107448 and 3536.
136
Calculate the greatest common divisor of 16645 and 18595.
5
What is the highest common divisor of 3500021 and 294?
49
What is the greatest common factor of 1134175 and 325?
25
What is the greatest common divisor of 57 and 459749?
1
Calculate the greatest common factor of 14610 and 38719909.
487
What is the greatest common divisor of 2608085149 and 86?
43
Calculate the greatest common factor of 1435 and 765940.
35
Calculate the highest common factor of 2238528 and 5152.
32
Calculate the greatest common divisor of 10824 and 306188.
164
Calculate the highest common divisor of 60759 and 12158865.
1413
Calculate the greatest common factor of 5577 and 135703282.
1859
Calculate the highest common divisor of 76714 and 2486.
22
Calculate the greatest common divisor of 144 and 10289988.
36
What is the greatest common divisor of 348244143 and 15519?
2217
Calculate the greatest common divisor of 27734272 and 827.
827
Calculate the highest common divisor of 123 and 369.
123
What is the highest common factor of 2352 and 721224?
168
What is the greatest common factor of 2065303 and 1073?
37
Calculate the highest common factor of 229280 and 3872.
32
Calculate the highest common factor of 2241845 and 464.
29
Calculate the highest common factor of 8 and 18122938.
2
Calculate the highest common divisor of 99499662 and 122.
122
Calculate the highest common factor of 15585 and 6317520.
15
What is the greatest common factor of 572071646 and 114?
38
What is the highest common factor of 38438036 and 1352?
676
What is the highest common divisor of 650 and 172588?
26
Calculate the highest common factor of 3433 and 26159460.
3433
What is the greatest common divisor of 2042830 and 81070?
670
What is the greatest common divisor of 3323 and 859?
1
What is the greatest common factor of 3704 and 128251?
463
Calculate the highest common factor of 48345 and 2171235.
165
What is the highest common factor of 3427 and 130801?
23
Calculate the highest common factor of 1969 and 1553651.
11
What is the greatest common factor of 5302076 and 65?
13
What is the greatest common divisor of 912 and 20165840?
304
What is the greatest common factor of 5018853 and 61824?
483
Calculate the highest common divisor of 8212175 and 94943.
263
What is the highest common divisor of 33208050 and 210?
30
What is the greatest common divisor of 93525 and 1540475?
1075
Calculate the greatest common divisor of 8 and 82390456.
8
What is the highest common factor of 22822949 and 1469?
113
Calculate the highest common factor of 15722982 and 3630.
726
Calculate the highest common factor of 2537229 and 57909.
291
Calculate the highest common divisor of 23569 and 53064697.
1813
Calculate the highest common factor of 11691 and 532231476.
1299
What is the highest common factor of 730387 and 14345?
151
What is the highest common factor of 224191140 and 888?
444
Calculate the greatest common factor of 17 and 14040606.
17
Calculate the highest common factor of 348998163 and 3.
3
Calculate the highest common divisor of 1318617178 and 186.
62
What is the highest common divisor of 16562 and 336310?
338
What is the greatest common divisor of 35707698 and 806?
26
What is the greatest common factor of 3768 and 38112?
24
What is the highest common factor of 208 and 4539944?
8
Calculate the greatest common divisor of 12468001 and 1610.
161
What is the highest common factor of 1421 and 1563187?
29
Calculate the highest common divisor of 96472970 and 110.
110
What is the greatest common divisor of 694512 and 224406?
1638
Calculate the highest common factor of 88352439 and 63.
21
What is the greatest common factor of 220 and 71696020?
220
Calculate the highest common divisor of 110803 and 578963.
77
What is the greatest common divisor of 35484944 and 1936?
1936
Calculate the highest common divisor of 159896 and 7057688.
2024
Calculate the greatest common divisor of 18683 and 2428319.
157
Calculate the greatest common divisor of 11627820 and 706.
706
Calculate the greatest common factor of 192 and 63315264.
192
